{"id":30,"date":"2021-05-14T10:36:44","date_gmt":"2021-05-14T08:36:44","guid":{"rendered":"https:\/\/192.168.178.5:8081\/WordPress\/?page_id=30"},"modified":"2021-05-14T10:36:44","modified_gmt":"2021-05-14T08:36:44","slug":"mein-berufsweg","status":"publish","type":"page","link":"https:\/\/www.dialogheilpraxis-kalin.de\/?page_id=30","title":{"rendered":"\u00dcber mich"},"content":{"rendered":"\n<p class=\"has-medium-font-size\">Geboren wurde ich in Dinslaken am Niederrhein in einer ostpreu\u00dfisch-rheinl\u00e4ndischen Familie. Auf alternativfreien Wunsch meines Vaters durchlief ich eine Mechanikerlehre in Bitz auf der Schw\u00e4bischen Alb. Danach wollte ich gleich weiterlernen.<\/p>\n\n\n\n<p class=\"has-medium-font-size\">Ich absolvierte auf dem zweiten Bildungsweg ein Schauspielstudium und arbeitete als Berufsschauspieler in verschiedenen St\u00e4dten. Anschlie\u00dfend wurde ich Theaterp\u00e4dagoge auf einer Erzieherstelle in Frankfurt (psychoanalytische P\u00e4dagogik) und Kelkheim (Hortarbeit). Es folgte ein erziehungswissenschaftliches Studium mit Abschluss als Diplom-P\u00e4dagoge an der Universit\u00e4t Frankfurt am Main und Berufst\u00e4tigkeit im Jugendamt Frankfurt und Universit\u00e4tsklinikum Frankfurt, wo ich in der Transplantations- und Sterbebegleitung von Mukoviszidosepatienten arbeitete.<\/p>\n\n\n\n<p class=\"has-medium-font-size\">2007 gr\u00fcndete ich als Psychodrama- und Gespr\u00e4chstherapeut die Dialogheilpraxis Kalin in Fulda.<\/p>\n\n\n\n<p><br><br><\/p>\n","protected":false},"excerpt":{"rendered":"<p>Geboren wurde ich in Dinslaken am Niederrhein in einer ostpreu\u00dfisch-rheinl\u00e4ndischen Familie. Auf alternativfreien Wunsch meines Vaters durchlief ich eine Mechanikerlehre in Bitz auf der Schw\u00e4bischen Alb. Danach wollte ich gleich weiterlernen. Ich absolvierte auf dem zweiten Bildungsweg ein Schauspielstudium und arbeitete als Berufsschauspieler in verschiedenen St\u00e4dten. Anschlie\u00dfend wurde ich Theaterp\u00e4dagoge auf einer Erzieherstelle in Frankfurt &hellip; <\/p>\n<p class=\"link-more\"><a href=\"https:\/\/www.dialogheilpraxis-kalin.de\/?page_id=30\" class=\"more-link\"><span class=\"screen-reader-text\">\u201e\u00dcber mich\u201c <\/span>weiterlesen<\/a><\/p>\n","protected":false},"author":3,"featured_media":557,"parent":0,"menu_order":0,"comment_status":"closed","ping_status":"closed","template":"","meta":{"footnotes":""},"class_list":["post-30","page","type-page","status-publish","has-post-thumbnail","hentry"],"yoast_head":"<!-- This site is optimized with the Yoast SEO plugin v27.4 - https:\/\/yoast.com\/product\/yoast-seo-wordpress\/ -->\n<title>\u00dcber mich - Dialogheilpraxis Kalin<\/title>\n<meta name=\"robots\" content=\"index, follow, max-snippet:-1, max-image-preview:large, max-video-preview:-1\" \/>\n<link rel=\"canonical\" href=\"https:\/\/www.dialogheilpraxis-kalin.de\/?page_id=30\" \/>\n<meta property=\"og:locale\" content=\"de_DE\" \/>\n<meta property=\"og:type\" content=\"article\" \/>\n<meta property=\"og:title\" content=\"\u00dcber mich - Dialogheilpraxis Kalin\" \/>\n<meta property=\"og:description\" content=\"Geboren wurde ich in Dinslaken am Niederrhein in einer ostpreu\u00dfisch-rheinl\u00e4ndischen Familie. Auf alternativfreien Wunsch meines Vaters durchlief ich eine Mechanikerlehre in Bitz auf der Schw\u00e4bischen Alb. Danach wollte ich gleich weiterlernen. Ich absolvierte auf dem zweiten Bildungsweg ein Schauspielstudium und arbeitete als Berufsschauspieler in verschiedenen St\u00e4dten. Anschlie\u00dfend wurde ich Theaterp\u00e4dagoge auf einer Erzieherstelle in Frankfurt &hellip; \u201e\u00dcber mich\u201c weiterlesen\" \/>\n<meta property=\"og:url\" content=\"https:\/\/www.dialogheilpraxis-kalin.de\/?page_id=30\" \/>\n<meta property=\"og:site_name\" content=\"Dialogheilpraxis Kalin\" \/>\n<meta property=\"og:image\" content=\"https:\/\/www.dialogheilpraxis-kalin.de\/wp-content\/uploads\/2022\/11\/Manfred-Urlaub-2-1.jpg\" \/>\n\t<meta property=\"og:image:width\" content=\"1200\" \/>\n\t<meta property=\"og:image:height\" content=\"1600\" \/>\n\t<meta property=\"og:image:type\" content=\"image\/jpeg\" \/>\n<meta name=\"twitter:card\" content=\"summary_large_image\" \/>\n<meta name=\"twitter:label1\" content=\"Gesch\u00e4tzte Lesezeit\" \/>\n\t<meta name=\"twitter:data1\" content=\"1\u00a0Minute\" \/>\n<script type=\"application\/ld+json\" class=\"yoast-schema-graph\">{\"@context\":\"https:\\\/\\\/schema.org\",\"@graph\":[{\"@type\":\"WebPage\",\"@id\":\"https:\\\/\\\/www.dialogheilpraxis-kalin.de\\\/?page_id=30\",\"url\":\"https:\\\/\\\/www.dialogheilpraxis-kalin.de\\\/?page_id=30\",\"name\":\"\u00dcber mich - Dialogheilpraxis Kalin\",\"isPartOf\":{\"@id\":\"https:\\\/\\\/www.dialogheilpraxis-kalin.de\\\/#website\"},\"primaryImageOfPage\":{\"@id\":\"https:\\\/\\\/www.dialogheilpraxis-kalin.de\\\/?page_id=30#primaryimage\"},\"image\":{\"@id\":\"https:\\\/\\\/www.dialogheilpraxis-kalin.de\\\/?page_id=30#primaryimage\"},\"thumbnailUrl\":\"https:\\\/\\\/www.dialogheilpraxis-kalin.de\\\/wp-content\\\/uploads\\\/2022\\\/11\\\/Manfred-Urlaub-2-1.jpg\",\"datePublished\":\"2021-05-14T08:36:44+00:00\",\"breadcrumb\":{\"@id\":\"https:\\\/\\\/www.dialogheilpraxis-kalin.de\\\/?page_id=30#breadcrumb\"},\"inLanguage\":\"de\",\"potentialAction\":[{\"@type\":\"ReadAction\",\"target\":[\"https:\\\/\\\/www.dialogheilpraxis-kalin.de\\\/?page_id=30\"]}]},{\"@type\":\"ImageObject\",\"inLanguage\":\"de\",\"@id\":\"https:\\\/\\\/www.dialogheilpraxis-kalin.de\\\/?page_id=30#primaryimage\",\"url\":\"https:\\\/\\\/www.dialogheilpraxis-kalin.de\\\/wp-content\\\/uploads\\\/2022\\\/11\\\/Manfred-Urlaub-2-1.jpg\",\"contentUrl\":\"https:\\\/\\\/www.dialogheilpraxis-kalin.de\\\/wp-content\\\/uploads\\\/2022\\\/11\\\/Manfred-Urlaub-2-1.jpg\",\"width\":1200,\"height\":1600,\"caption\":\"Manfred-Urlaub-2\"},{\"@type\":\"BreadcrumbList\",\"@id\":\"https:\\\/\\\/www.dialogheilpraxis-kalin.de\\\/?page_id=30#breadcrumb\",\"itemListElement\":[{\"@type\":\"ListItem\",\"position\":1,\"name\":\"Startseite\",\"item\":\"https:\\\/\\\/www.dialogheilpraxis-kalin.de\\\/\"},{\"@type\":\"ListItem\",\"position\":2,\"name\":\"\u00dcber mich\"}]},{\"@type\":\"WebSite\",\"@id\":\"https:\\\/\\\/www.dialogheilpraxis-kalin.de\\\/#website\",\"url\":\"https:\\\/\\\/www.dialogheilpraxis-kalin.de\\\/\",\"name\":\"Dialogheilpraxis Kalin\",\"description\":\"Diplom P\u00e4dagoge Manfred Kalin\",\"potentialAction\":[{\"@type\":\"SearchAction\",\"target\":{\"@type\":\"EntryPoint\",\"urlTemplate\":\"https:\\\/\\\/www.dialogheilpraxis-kalin.de\\\/?s={search_term_string}\"},\"query-input\":{\"@type\":\"PropertyValueSpecification\",\"valueRequired\":true,\"valueName\":\"search_term_string\"}}],\"inLanguage\":\"de\"}]}<\/script>\n<!-- \/ Yoast SEO plugin. -->","yoast_head_json":{"title":"\u00dcber mich - Dialogheilpraxis Kalin","robots":{"index":"index","follow":"follow","max-snippet":"max-snippet:-1","max-image-preview":"max-image-preview:large","max-video-preview":"max-video-preview:-1"},"canonical":"https:\/\/www.dialogheilpraxis-kalin.de\/?page_id=30","og_locale":"de_DE","og_type":"article","og_title":"\u00dcber mich - Dialogheilpraxis Kalin","og_description":"Geboren wurde ich in Dinslaken am Niederrhein in einer ostpreu\u00dfisch-rheinl\u00e4ndischen Familie. Auf alternativfreien Wunsch meines Vaters durchlief ich eine Mechanikerlehre in Bitz auf der Schw\u00e4bischen Alb. Danach wollte ich gleich weiterlernen. Ich absolvierte auf dem zweiten Bildungsweg ein Schauspielstudium und arbeitete als Berufsschauspieler in verschiedenen St\u00e4dten. Anschlie\u00dfend wurde ich Theaterp\u00e4dagoge auf einer Erzieherstelle in Frankfurt &hellip; \u201e\u00dcber mich\u201c weiterlesen","og_url":"https:\/\/www.dialogheilpraxis-kalin.de\/?page_id=30","og_site_name":"Dialogheilpraxis Kalin","og_image":[{"width":1200,"height":1600,"url":"https:\/\/www.dialogheilpraxis-kalin.de\/wp-content\/uploads\/2022\/11\/Manfred-Urlaub-2-1.jpg","type":"image\/jpeg"}],"twitter_card":"summary_large_image","twitter_misc":{"Gesch\u00e4tzte Lesezeit":"1\u00a0Minute"},"schema":{"@context":"https:\/\/schema.org","@graph":[{"@type":"WebPage","@id":"https:\/\/www.dialogheilpraxis-kalin.de\/?page_id=30","url":"https:\/\/www.dialogheilpraxis-kalin.de\/?page_id=30","name":"\u00dcber mich - Dialogheilpraxis Kalin","isPartOf":{"@id":"https:\/\/www.dialogheilpraxis-kalin.de\/#website"},"primaryImageOfPage":{"@id":"https:\/\/www.dialogheilpraxis-kalin.de\/?page_id=30#primaryimage"},"image":{"@id":"https:\/\/www.dialogheilpraxis-kalin.de\/?page_id=30#primaryimage"},"thumbnailUrl":"https:\/\/www.dialogheilpraxis-kalin.de\/wp-content\/uploads\/2022\/11\/Manfred-Urlaub-2-1.jpg","datePublished":"2021-05-14T08:36:44+00:00","breadcrumb":{"@id":"https:\/\/www.dialogheilpraxis-kalin.de\/?page_id=30#breadcrumb"},"inLanguage":"de","potentialAction":[{"@type":"ReadAction","target":["https:\/\/www.dialogheilpraxis-kalin.de\/?page_id=30"]}]},{"@type":"ImageObject","inLanguage":"de","@id":"https:\/\/www.dialogheilpraxis-kalin.de\/?page_id=30#primaryimage","url":"https:\/\/www.dialogheilpraxis-kalin.de\/wp-content\/uploads\/2022\/11\/Manfred-Urlaub-2-1.jpg","contentUrl":"https:\/\/www.dialogheilpraxis-kalin.de\/wp-content\/uploads\/2022\/11\/Manfred-Urlaub-2-1.jpg","width":1200,"height":1600,"caption":"Manfred-Urlaub-2"},{"@type":"BreadcrumbList","@id":"https:\/\/www.dialogheilpraxis-kalin.de\/?page_id=30#breadcrumb","itemListElement":[{"@type":"ListItem","position":1,"name":"Startseite","item":"https:\/\/www.dialogheilpraxis-kalin.de\/"},{"@type":"ListItem","position":2,"name":"\u00dcber mich"}]},{"@type":"WebSite","@id":"https:\/\/www.dialogheilpraxis-kalin.de\/#website","url":"https:\/\/www.dialogheilpraxis-kalin.de\/","name":"Dialogheilpraxis Kalin","description":"Diplom P\u00e4dagoge Manfred Kalin","potentialAction":[{"@type":"SearchAction","target":{"@type":"EntryPoint","urlTemplate":"https:\/\/www.dialogheilpraxis-kalin.de\/?s={search_term_string}"},"query-input":{"@type":"PropertyValueSpecification","valueRequired":true,"valueName":"search_term_string"}}],"inLanguage":"de"}]}},"_links":{"self":[{"href":"https:\/\/www.dialogheilpraxis-kalin.de\/index.php?rest_route=\/wp\/v2\/pages\/30","targetHints":{"allow":["GET"]}}],"collection":[{"href":"https:\/\/www.dialogheilpraxis-kalin.de\/index.php?rest_route=\/wp\/v2\/pages"}],"about":[{"href":"https:\/\/www.dialogheilpraxis-kalin.de\/index.php?rest_route=\/wp\/v2\/types\/page"}],"author":[{"embeddable":true,"href":"https:\/\/www.dialogheilpraxis-kalin.de\/index.php?rest_route=\/wp\/v2\/users\/3"}],"replies":[{"embeddable":true,"href":"https:\/\/www.dialogheilpraxis-kalin.de\/index.php?rest_route=%2Fwp%2Fv2%2Fcomments&post=30"}],"version-history":[{"count":0,"href":"https:\/\/www.dialogheilpraxis-kalin.de\/index.php?rest_route=\/wp\/v2\/pages\/30\/revisions"}],"wp:featuredmedia":[{"embeddable":true,"href":"https:\/\/www.dialogheilpraxis-kalin.de\/index.php?rest_route=\/wp\/v2\/media\/557"}],"wp:attachment":[{"href":"https:\/\/www.dialogheilpraxis-kalin.de\/index.php?rest_route=%2Fwp%2Fv2%2Fmedia&parent=30"}],"curies":[{"name":"wp","href":"https:\/\/api.w.org\/{rel}","templated":true}]}}